c*l + 0*y - 2*y = -77, 0 = 3*l - 2*y - 59. Calculate the remainder when l is divided by 9.
8
Let m be -3 + (-1 - -3) + 0. Calculate the remainder when (62/(-6))/(m/3) is divided by 11.
9
Let b = 26 - 15. Suppose 0 = 5*y - b - 84. Suppose 3 - y = -4*d. Calculate the remainder when 7 is divided by d.
3
Suppose 2*k = 2*h + 178, -4*k - h - 154 + 520 = 0. What is the remainder when k is divided by 23?
22
Suppose -6*c + 399 = -3*c. Suppose 2*q - c = -q - v, 3*q = v + 131. Suppose 5*k - 165 = 5*t, 3*k - t = 47 + q. Calculate the remainder when k is divided by 15.
14
Let b(k) = -k**3 - 4*k**2 + 5*k + 5. Let g be b(-4). Let l = g + 27. What is the remainder when 59 is divided by l?
11
Let v = 12 + 0. What is the remainder when (-3 - 0)/(6/(-68)) is divided by v?
10
Let v = 147 + -65. Let f = v + -55. What is the remainder when 51 is divided by f?
24
Let x(c) = -c + 3. Let w be x(6). What is the remainder when 42 is divided by (w/4)/(5/(-100))?
12
Suppose 3*v - 19 - 35 = 0. Let i = 23 - -12. What is the remainder when i is divided by v?
17
Let s(r) = 4*r + 2. Let y be s(4). Suppose d = 4*d - 6. Suppose 4 + y = d*t. Calculate the remainder when t is divided by 4.
3
Suppose 3*c - 179 = -4*t, -t = -5*t + c + 159. Calculate the remainder when t is divided by 12.
5
Suppose -4*a + 0*l + 4*l + 112 = 0, -4*l = 8. Suppose 3*s + 8 = a. Let c = -15 + 31. Calculate the remainder when c is divided by s.
4
Let c(n) = -3*n + 2. Let t be c(4). Let k = 37 + t. What is the remainder when 79 is divided by k?
25
Let n = 4 + 1. Let c = n + 16. Calculate the remainder when 40 is divided by c/(-2)*20/(-15).
12
Let u(w) = -1 + 0*w**2 + 0 + 2*w + w**2. Let y = 6 - 10. What is the remainder when 13 is divided by u(y)?
6
Let q = -57 - -107. Calculate the remainder when q is divided by 13.
11
Suppose 0 = 75*z - 74*z - 29. What is the remainder when 140 is divided by z?
24
Suppose -8*m = -3*m - 350. What is the remainder when m is divided by 19?
13
Let m = 10 - -4. Calculate the remainder when m is divided by 8.
6
Let k = -17 + 14. What is the remainder when 11 is divided by (-3)/k*1 - -3?
3
Suppose -2*o + 2*v = -0*o - 8, -3*v = 3. Suppose o*h + 5 - 2 = 3*i, 4*h - 3*i = 1. Calculate the remainder when 14 is divided by h.
2
Let h(k) = 3*k**3 + k**2 - 2*k + 3. Suppose 0 = g - 5*g + 424. Calculate the remainder when g is divided by h(2).
25
Let h = -31 + 45. What is the remainder when h is divided by 6?
2
Let b be (-1 - -1) + 44/2. Suppose -78 = -4*u - b. What is the remainder when 26 is divided by u?
12
Let j = 208 + -118. What is the remainder when j is divided by 23?
21
Let z(x) = -x**2 + 15*x + 17. Calculate the remainder when z(15) is divided by 9.
8
Let z(g) = -g**2 - 11*g + 3. Let s be z(-11). Suppose s*a - 105 = -5*r, -3*a - a = 20. What is the remainder when 93 is divided by r?
21
Let c(u) = 3*u**2 - 10*u + 6. Let q be 0 + 3 + 6 + -3. Let y be c(q). Suppose y + 12 = 3*s. Calculate the remainder when s is divided by 6.
4
Calculate the remainder when 2*(7 - -3) + 4/2 is divided by 3*3/((-18)/(-16)).
6
What is the remainder when (20/4 - -3)*14/8 is divided by 5?
4
Suppose 5*i = -a + 21, 0 = -2*a + 7*a - 5. Let c(d) = 0 + 0*d + 3*d + 7 - 2. What is the remainder when 33 is divided by c(i)?
16
Suppose -35 = -4*k + 2*u - 7*u, -4*k = -2*u - 14. Suppose 0*j + 6 = 3*j, -k*i = 4*j - 118. What is the remainder when i is divided by (-78)/(-9) + 4/(-6)?
6
Suppose -d + 10 = -7. Let s = 8 + -10. What is the remainder when (-5)/((-15)/144) - s is divided by d?
16
Suppose -2*b - 199 = -5*z, -b + 208 = -3*z + 8*z. Suppose 3*k + 3*h - 54 = 0, 2*h + 32 + 30 = 5*k. What is the remainder when z is divided by k?
13
What is the remainder when 30 is divided by (2/6)/((-1)/9) - -20?
13
Suppose -86 = -3*w - 2*v, -70 = -3*w + 3*v - v. Let u = w - 18. Calculate the remainder when 29 is divided by u.
5
Let d(j) = -j**2 + 4*j - 1. Let c be d(3). Calculate the remainder when c + -1 + 82/2 is divided by 15.
12
Suppose 0 = -h + 13 + 48. Let i(a) = a**3 - 2*a**2 - 4*a + 5. Calculate the remainder when h is divided by i(4).
19
Let w = 15 - 12. Suppose -w*n - n = -76. Calculate the remainder when 37 is divided by n.
18
Let t be (0 + 5)*3/5. Suppose 0 = t*d - 6 - 9, 3*m - 101 = -d. Let g(s) = s + 8. What is the remainder when m is divided by g(3)?
10
Let c(h) = 4 - h**2 - h**2 + 5*h**2 - 5*h - h**2. Suppose -x - 2*x = -30. Calculate the remainder when c(5) is divided by x.
9
Suppose -2*p = -3*p + 3. What is the remainder when 11 + 0 - (-2 - -2) is divided by p?
2
Suppose -13 = 4*l - 5*n, -3*n + 12 = -3. What is the remainder when 4 is divided by l?
1
Let j be 6/(-15) - (-22)/5. Suppose j*m + u = 37, -4*m + 14 = 2*u - 28. Let z = -16 - -31. Calculate the remainder when z is divided by m.
7
Let p = 3 + 1. Suppose -k + 2*k = h - 8, -p*k - 19 = -3*h. Let s = h - 7. What is the remainder when 17 is divided by s?
5
Suppose -2*l + 2*i + 112 = 0, 3*l + 4*i - 122 = 18. What is the remainder when l is divided by 6?
4
Suppose 17 = 3*v - 25. Calculate the remainder when 111 is divided by v.
13
Let v(i) = -9. Let a(j) = -j - 1. Let r(c) = -5*a(c) + v(c). Calculate the remainder when (25/(-20))/(2/(-32)) is divided by r(3).
9
Let p(y) = 3*y + 4. Suppose -5*v + 5 + 0 = 0. Let j be (-3 - v*-2)*-4. Calculate the remainder when 30 is divided by p(j).
14
Let m(r) = -r**3 - 9*r**2 - 3*r - 12. Let c be (-18)/5*5/2. What is the remainder when 59 is divided by m(c)?
14
Let y(x) = -2*x - 3. Let r be (-17)/5 + (-2)/(-5). What is the remainder when y(r) is divided by 2?
1
Suppose 0 = 2*w + 5*m - 17, 3*m + 3 - 6 = 0. Let t(d) = 3*d**2 - d - 1. Calculate the remainder when w is divided by t(-1).
0
Let d = -46 - -50. What is the remainder when 17 is divided by d?
1
Suppose 0*r + 19 = z - r, 3*r + 23 = z. Calculate the remainder when 65 is divided by z.
14
Let o(k) = -4*k**3 - 3*k**2 + 6*k + 7. Calculate the remainder when o(-3) is divided by 28.
14
Suppose -m - 315 = -4*m. Calculate the remainder when m is divided by 27.
24
Let v = 13 + 17. Let j = -18 - -29. What is the remainder when v is divided by j?
8
Suppose 3*u + 25 = -2*u, -120 = 5*v + 5*u. Let r = v + 35. Suppose -5*q - 128 = -3*p, q - 48 = -5*p + 4*p. What is the remainder when p is divided by r?
14
Let v = 56 + -31. Suppose -91 = -3*g - v. Let c = -94 - -136. Calculate the remainder when c is divided by g.
20
Let r(s) = s**3 - 2*s**2 + 4*s - 4. Suppose 6 = 2*z - 0. Calculate the remainder when r(z) is divided by 5.
2
Let s(q) = 2*q + 14. Calculate the remainder when s(7) is divided by 10.
8
What is the remainder when (-22 - 1)*(-3 + -2) is divided by 29?
28
Let p be 51/12 + 1/(-4). Suppose q = -2*n + 20, 3*q - p*n - 80 = -0*q. Calculate the remainder when 47 is divided by q.
23
Suppose o + 0*o - 61 = 5*y, 133 = 3*o - 5*y. Let t be o - (2 + (-6)/3). Let f = t - 11. What is the remainder when f is divided by 14?
11
Suppose 0*o = -2*o + 4*n + 294, n - 138 = -o. Calculate the remainder when o is divided by 36.
33
Let d(t) = -t**3 - 7*t**2 - 5*t + 6. Let w be d(-6). Suppose 31 = -w*v + v. What is the remainder when v is divided by -1 + (-1 - -1*13)?
9
Calculate the remainder when -3 - (-1212)/20 - (-3)/(-5) is divided by 16.
9
Suppose 4*t + 0*t - 32 = -4*y, -t = 5*y - 20. What is the remainder when 10 is divided by (27/(-3))/y + 6?
1
Let w(m) = -m**3 - 16*m**2 - 15*m + 7. Suppose 0*g - 5*g = -130. Calculate the remainder when g is divided by w(-15).
5
Let v = 44 - 27. What is the remainder when 31 is divided by v?
14
Let q = -14 - -30. Suppose o - 20 = 90. Let f = 157 - o. What is the remainder when f is divided by q?
15
Suppose l - 4*n - 39 = -4*l, 3*n - 12 = 0. Let j(d) = d + l + 17 - 11. Calculate the remainder when 31 is divided by j(-9).
7
Let w be 0 + -1 - (1 - -1). Let q = 56 - w. Calculate the remainder when q is divided by 15.
14
Let j(y) = y**3 - 3*y**2 - 4*y - 3. Let x be j(4). Let a(u) = u**3 - u**2 + u + 30. What is the remainder when a(0) is divided by (x/6)/((-1)/32)?
14
Let o(y) = 4*y - 2. What is the remainder when o(3) is divided by 6?
4
Let h(x) = 2*x**2 - 2*x - 3. Let i be 5 + 1/(-3)*0. Suppose i*m = 2*m + 75. Calculate the remainder when m is divided by h(-2).
7
Let u(r) = -r + 4. Let m be u(4). Suppose -5*v + 11*v = 24. Suppose m = -v*h + 2*h + 16. Calculate 